{"id":77,"date":"2014-09-18T16:00:42","date_gmt":"2014-09-18T14:00:42","guid":{"rendered":"http:\/\/wordpress.seemannschoroldenburg.de\/?page_id=77"},"modified":"2025-04-18T15:00:41","modified_gmt":"2025-04-18T13:00:41","slug":"mitsingen","status":"publish","type":"page","link":"https:\/\/www.seemannschoroldenburg.de\/?page_id=77","title":{"rendered":"Mitsingen ?"},"content":{"rendered":"<p style=\"text-align: left;\">Beim Seemanns Chor Oldenburg k\u00f6nnen Sie als Mitglied im Chor singen,\u00a0den Chor als Musiker im Bordorchester begleiten<br \/>oder auch als f\u00f6rderndes Mitglied den Verein unterst\u00fctzen. Das gemeinsame Singen steht \u00a0f\u00fcr uns im Vordergrund.<br \/>Wer bei uns mitmachen m\u00f6chte, ist jederzeit\u00a0herzlich an Bord willkommen!<\/p>\n<figure id=\"attachment_3946\" aria-describedby=\"caption-attachment-3946\" style=\"width: 1143px\" class=\"wp-caption alignnone\"><a href=\"https:\/\/www.seemannschoroldenburg.de\/wp-content\/uploads\/2023\/04\/sab3.jpg\"><img loading=\"lazy\" decoding=\"async\" class=\"size-full wp-image-3946\" src=\"https:\/\/www.seemannschoroldenburg.de\/wp-content\/uploads\/2023\/04\/sab3.jpg\" alt=\"\" width=\"1143\" height=\"655\" \/><\/a><figcaption id=\"caption-attachment-3946\" class=\"wp-caption-text\">So locker und entspannt geht&#8217;s beim \u00dcbungsabend zu &#8230;<\/figcaption><\/figure>\n<p style=\"text-align: left;\">Der Chor trifft sich jeden Dienstag von 19:00 bis 21:00 Uhr im Hotel &#8222;Zum Lindenhof&#8220;, Bloherfelder Stra\u00dfe 210 in 26129 OL.<\/p>\n<p><a href=\"http:\/\/www.zumlindenhof.com\/Anreise\" target=\"_blank\" rel=\"noopener noreferrer\">Anfahrt Zum Lindenho<\/a>f<\/p>\n<figure id=\"attachment_4038\" aria-describedby=\"caption-attachment-4038\" style=\"width: 423px\" class=\"wp-caption alignnone\"><a href=\"https:\/\/youtu.be\/tIBZnrnWcG8\"><img loading=\"lazy\" decoding=\"async\" class=\"size-full wp-image-4038\" src=\"https:\/\/www.seemannschoroldenburg.de\/wp-content\/uploads\/2023\/04\/Reinhardt.jpg\" alt=\"\" width=\"423\" height=\"429\" \/><\/a><figcaption id=\"caption-attachment-4038\" class=\"wp-caption-text\">Reinhards Knotenanleitung<\/figcaption><\/figure>\n<p>Interessenten werden pers\u00f6nlich betreut und k\u00f6nnen sofort mitsingen. Und dann bist Du ein neues Mitglied der Crew und hoffentlich beim n\u00e4chsten Auftritt mit an Bord! Ausfl\u00fcge zu Auftritten und Chortreffen runden das aktive Chorleben ab.<\/p>\n<p>Weitere Informationen per Mail:\u00a0 <strong>moin@seemannschoroldenburg.de <br \/><\/strong><\/p>\n<figure id=\"attachment_3701\" aria-describedby=\"caption-attachment-3701\" style=\"width: 1084px\" class=\"wp-caption alignnone\"><a href=\"https:\/\/www.seemannschoroldenburg.de\/wp-content\/uploads\/2022\/09\/DS-LH.jpg\"><img loading=\"lazy\" decoding=\"async\" class=\"size-full wp-image-3701\" src=\"https:\/\/www.seemannschoroldenburg.de\/wp-content\/uploads\/2022\/09\/DS-LH.jpg\" alt=\"\" width=\"1084\" height=\"507\" \/><\/a><figcaption id=\"caption-attachment-3701\" class=\"wp-caption-text\">Lindenhof &#8211; D\u00e4mmerschoppen 26.08.2022<\/figcaption><\/figure>\n<p>&nbsp;<\/p>\n<figure id=\"attachment_3928\" aria-describedby=\"caption-attachment-3928\" style=\"width: 628px\" class=\"wp-caption aligncenter\"><a href=\"https:\/\/www.seemannschoroldenburg.de\/wp-content\/uploads\/2023\/04\/a2.jpg\"><img loading=\"lazy\" decoding=\"async\" class=\"size-full wp-image-3928\" src=\"https:\/\/www.seemannschoroldenburg.de\/wp-content\/uploads\/2023\/04\/a2.jpg\" alt=\"\" width=\"628\" height=\"552\" \/><\/a><figcaption id=\"caption-attachment-3928\" class=\"wp-caption-text\">Unser neuer Anh\u00e4nger &#8211; 28.03.2023<\/figcaption><\/figure>\n<p>&nbsp;<\/p>\n<figure id=\"attachment_4638\" aria-describedby=\"caption-attachment-4638\" style=\"width: 500px\" class=\"wp-caption aligncenter\"><a href=\"https:\/\/www.seemannschoroldenburg.de\/wp-content\/uploads\/2025\/04\/seemannschor_oldenburg_drk_.mp3\"><img loading=\"lazy\" decoding=\"async\" class=\"wp-image-4638\" src=\"https:\/\/www.seemannschoroldenburg.de\/wp-content\/uploads\/2025\/03\/podcast-300x200.png\" alt=\"\" width=\"500\" height=\"334\" srcset=\"https:\/\/www.seemannschoroldenburg.de\/wp-content\/uploads\/2025\/03\/podcast-300x200.png 300w, https:\/\/www.seemannschoroldenburg.de\/wp-content\/uploads\/2025\/03\/podcast-768x513.png 768w, https:\/\/www.seemannschoroldenburg.de\/wp-content\/uploads\/2025\/03\/podcast-100x67.png 100w, https:\/\/www.seemannschoroldenburg.de\/wp-content\/uploads\/2025\/03\/podcast-150x100.png 150w, https:\/\/www.seemannschoroldenburg.de\/wp-content\/uploads\/2025\/03\/podcast-200x133.png 200w, https:\/\/www.seemannschoroldenburg.de\/wp-content\/uploads\/2025\/03\/podcast-450x300.png 450w, https:\/\/www.seemannschoroldenburg.de\/wp-content\/uploads\/2025\/03\/podcast-600x400.png 600w, https:\/\/www.seemannschoroldenburg.de\/wp-content\/uploads\/2025\/03\/podcast.png 899w\" sizes=\"auto, (max-width: 500px) 100vw, 500px\" \/><\/a><figcaption id=\"caption-attachment-4638\" class=\"wp-caption-text\">APR 2025 &#8211; CHOR DER WOCHE Deutschlandradio<\/figcaption><\/figure>\n<p>&nbsp;<\/p>\n<p><a href=\"https:\/\/www.facebook.com\/Seemannschor-Oldenburg-550666038611382\/\"><img loading=\"lazy\" decoding=\"async\" class=\"aligncenter wp-image-4489\" src=\"https:\/\/www.seemannschoroldenburg.de\/wp-content\/uploads\/2024\/09\/img.icons8_.png\" alt=\"\" width=\"100\" height=\"100\" \/><\/a><\/p>\n<p><a href=\"https:\/\/www.seemannschoroldenburg.de\/wp-content\/uploads\/2017\/01\/www-logo-TEXT.png\"><img loading=\"lazy\" decoding=\"async\" class=\"size-full wp-image-1760 alignleft\" src=\"https:\/\/www.seemannschoroldenburg.de\/wp-content\/uploads\/2017\/01\/www-logo-TEXT.png\" alt=\"\" width=\"986\" height=\"79\" srcset=\"https:\/\/www.seemannschoroldenburg.de\/wp-content\/uploads\/2017\/01\/www-logo-TEXT.png 986w, https:\/\/www.seemannschoroldenburg.de\/wp-content\/uploads\/2017\/01\/www-logo-TEXT-300x24.png 300w, https:\/\/www.seemannschoroldenburg.de\/wp-content\/uploads\/2017\/01\/www-logo-TEXT-768x62.png 768w, https:\/\/www.seemannschoroldenburg.de\/wp-content\/uploads\/2017\/01\/www-logo-TEXT-100x8.png 100w, https:\/\/www.seemannschoroldenburg.de\/wp-content\/uploads\/2017\/01\/www-logo-TEXT-150x12.png 150w, https:\/\/www.seemannschoroldenburg.de\/wp-content\/uploads\/2017\/01\/www-logo-TEXT-200x16.png 200w, https:\/\/www.seemannschoroldenburg.de\/wp-content\/uploads\/2017\/01\/www-logo-TEXT-450x36.png 450w, https:\/\/www.seemannschoroldenburg.de\/wp-content\/uploads\/2017\/01\/www-logo-TEXT-600x48.png 600w, https:\/\/www.seemannschoroldenburg.de\/wp-content\/uploads\/2017\/01\/www-logo-TEXT-900x72.png 900w\" sizes=\"auto, (max-width: 986px) 100vw, 986px\" \/><\/a><\/p>\n\n","protected":false},"excerpt":{"rendered":"<p>Beim Seemanns Chor Oldenburg k\u00f6nnen Sie als Mitglied im Chor singen,\u00a0den Chor als Musiker im Bordorchester begleitenoder auch als f\u00f6rderndes Mitglied den Verein unterst\u00fctzen. Das gemeinsame Singen steht \u00a0f\u00fcr uns im Vordergrund.Wer bei uns mitmachen m\u00f6chte, ist jederzeit\u00a0herzlich an Bord &hellip;<\/p>\n<p class=\"read-more\"> <a class=\"more-link\" href=\"https:\/\/www.seemannschoroldenburg.de\/?page_id=77\"> <span class=\"screen-reader-text\">Mitsingen ?<\/span> Read More &raquo;<\/a><\/p>\n","protected":false},"author":1,"featured_media":0,"parent":40,"menu_order":5,"comment_status":"closed","ping_status":"closed","template":"","meta":{"footnotes":""},"class_list":["post-77","page","type-page","status-publish","hentry"],"_links":{"self":[{"href":"https:\/\/www.seemannschoroldenburg.de\/index.php?rest_route=\/wp\/v2\/pages\/77","targetHints":{"allow":["GET"]}}],"collection":[{"href":"https:\/\/www.seemannschoroldenburg.de\/index.php?rest_route=\/wp\/v2\/pages"}],"about":[{"href":"https:\/\/www.seemannschoroldenburg.de\/index.php?rest_route=\/wp\/v2\/types\/page"}],"author":[{"embeddable":true,"href":"https:\/\/www.seemannschoroldenburg.de\/index.php?rest_route=\/wp\/v2\/users\/1"}],"replies":[{"embeddable":true,"href":"https:\/\/www.seemannschoroldenburg.de\/index.php?rest_route=%2Fwp%2Fv2%2Fcomments&post=77"}],"version-history":[{"count":196,"href":"https:\/\/www.seemannschoroldenburg.de\/index.php?rest_route=\/wp\/v2\/pages\/77\/revisions"}],"predecessor-version":[{"id":4656,"href":"https:\/\/www.seemannschoroldenburg.de\/index.php?rest_route=\/wp\/v2\/pages\/77\/revisions\/4656"}],"up":[{"embeddable":true,"href":"https:\/\/www.seemannschoroldenburg.de\/index.php?rest_route=\/wp\/v2\/pages\/40"}],"wp:attachment":[{"href":"https:\/\/www.seemannschoroldenburg.de\/index.php?rest_route=%2Fwp%2Fv2%2Fmedia&parent=77"}],"curies":[{"name":"wp","href":"https:\/\/api.w.org\/{rel}","templated":true}]}}